Dec 01 09:06:21.613 INFO testing mjhoy/chess against master#8940af3cea4a9a9deabcaf843b2f8cad9a83fc61 for beta-1.31-5
Dec 01 09:06:21.613 INFO running `"docker" "create" "-v" "/mnt/big/crater/work/local/target-dirs/beta-1.31-5/worker-3/master#8940af3cea4a9a9deabcaf843b2f8cad9a83fc61:/target:rw,Z" "-v" "/mnt/big/crater/work/local/test-source/worker-3/beta-1.31-5/master#8940af3cea4a9a9deabcaf843b2f8cad9a83fc61:/source:ro,Z" "-v" "/mnt/big/crater/work/local/cargo-home:/cargo-home:ro,Z" "-v" "/mnt/big/crater/work/local/rustup-home:/rustup-home:ro,Z" "-e" "USER_ID=1000" "-e" "SOURCE_DIR=/source" "-e" "USER_ID=1000" "-e" "CMD=cargo +8940af3cea4a9a9deabcaf843b2f8cad9a83fc61-alt build --frozen" "-e" "CARGO_TARGET_DIR=/target" "-e" "CARGO_INCREMENTAL=0" "-e" "RUST_BACKTRACE=full" "-e" "RUSTFLAGS=--cap-lints=warn" "-e" "CARGO_HOME=/cargo-home" "-e" "RUSTUP_HOME=/rustup-home" "-m" "1536M" "--network" "none" "crater"`
Dec 01 09:06:21.813 INFO [stdout] 1e29ad85f50285c717528788d7df8a9cbc6751dd92c5f34469f6d8953bc00ac8
Dec 01 09:06:21.815 INFO running `"docker" "start" "-a" "1e29ad85f50285c717528788d7df8a9cbc6751dd92c5f34469f6d8953bc00ac8"`
Dec 01 09:06:22.407 INFO [stderr] usermod: no changes
Dec 01 09:06:22.479 INFO [stderr]    Compiling rand v0.5.5
Dec 01 09:06:22.480 INFO [stderr]    Compiling approx v0.3.0
Dec 01 09:06:22.480 INFO [stderr]    Compiling num-complex v0.2.0
Dec 01 09:06:23.679 INFO [stderr]    Compiling alga v0.7.1
Dec 01 09:06:28.867 INFO [stderr]    Compiling nalgebra v0.16.0
Dec 01 09:07:01.272 INFO [stderr]    Compiling chess v0.1.0 (/source)
Dec 01 09:07:04.124 INFO [stderr]     Finished dev [unoptimized + debuginfo] target(s) in 41.70s
Dec 01 09:07:04.131 INFO [stderr] su: No module specific data is present
Dec 01 09:07:05.082 INFO running `"docker" "inspect" "1e29ad85f50285c717528788d7df8a9cbc6751dd92c5f34469f6d8953bc00ac8"`
Dec 01 09:07:05.391 INFO running `"docker" "rm" "-f" "1e29ad85f50285c717528788d7df8a9cbc6751dd92c5f34469f6d8953bc00ac8"`
Dec 01 09:07:05.770 INFO [stdout] 1e29ad85f50285c717528788d7df8a9cbc6751dd92c5f34469f6d8953bc00ac8
Dec 01 09:07:05.775 INFO running `"docker" "create" "-v" "/mnt/big/crater/work/local/target-dirs/beta-1.31-5/worker-3/master#8940af3cea4a9a9deabcaf843b2f8cad9a83fc61:/target:rw,Z" "-v" "/mnt/big/crater/work/local/test-source/worker-3/beta-1.31-5/master#8940af3cea4a9a9deabcaf843b2f8cad9a83fc61:/source:ro,Z" "-v" "/mnt/big/crater/work/local/cargo-home:/cargo-home:ro,Z" "-v" "/mnt/big/crater/work/local/rustup-home:/rustup-home:ro,Z" "-e" "USER_ID=1000" "-e" "SOURCE_DIR=/source" "-e" "USER_ID=1000" "-e" "CMD=cargo +8940af3cea4a9a9deabcaf843b2f8cad9a83fc61-alt test --frozen --no-run" "-e" "CARGO_TARGET_DIR=/target" "-e" "CARGO_INCREMENTAL=0" "-e" "RUST_BACKTRACE=full" "-e" "RUSTFLAGS=--cap-lints=warn" "-e" "CARGO_HOME=/cargo-home" "-e" "RUSTUP_HOME=/rustup-home" "-m" "1536M" "--network" "none" "crater"`
Dec 01 09:07:06.265 INFO [stdout] 8c76cc1c963768526c4c75333baf836be482eca33534eddf646fe749bb206c01
Dec 01 09:07:06.271 INFO running `"docker" "start" "-a" "8c76cc1c963768526c4c75333baf836be482eca33534eddf646fe749bb206c01"`
Dec 01 09:07:07.643 INFO [stderr] usermod: no changes
Dec 01 09:07:07.771 INFO [stderr]    Compiling chess v0.1.0 (/source)
Dec 01 09:07:09.072 INFO [stderr] error[E0425]: cannot find value `Pawn` in this scope
Dec 01 09:07:09.072 INFO [stderr]    --> src/board.rs:111:53
Dec 01 09:07:09.072 INFO [stderr]     |
Dec 01 09:07:09.072 INFO [stderr] 111 |         assert_eq!(board.piece_at(a1), Some((White, Pawn)));
Dec 01 09:07:09.072 INFO [stderr]     |                                                     ^^^^ not found in this scope
Dec 01 09:07:09.072 INFO [stderr] help: possible candidate is found in another module, you can import it into scope
Dec 01 09:07:09.072 INFO [stderr]     |
Dec 01 09:07:09.072 INFO [stderr] 101 |     use piece::Piece::Pawn;
Dec 01 09:07:09.072 INFO [stderr]     |
Dec 01 09:07:09.072 INFO [stderr] 
Dec 01 09:07:09.072 INFO [stderr] error[E0425]: cannot find value `King` in this scope
Dec 01 09:07:09.072 INFO [stderr]    --> src/board.rs:113:53
Dec 01 09:07:09.072 INFO [stderr]     |
Dec 01 09:07:09.072 INFO [stderr] 113 |         assert_eq!(board.piece_at(b3), Some((Black, King)));
Dec 01 09:07:09.073 INFO [stderr]     |                                                     ^^^^ not found in this scope
Dec 01 09:07:09.073 INFO [stderr] help: possible candidate is found in another module, you can import it into scope
Dec 01 09:07:09.073 INFO [stderr]     |
Dec 01 09:07:09.073 INFO [stderr] 101 |     use piece::Piece::King;
Dec 01 09:07:09.073 INFO [stderr]     |
Dec 01 09:07:09.073 INFO [stderr] 
Dec 01 09:07:09.073 INFO [stderr] error[E0425]: cannot find value `Pawn` in this scope
Dec 01 09:07:09.073 INFO [stderr]    --> src/state.rs:148:30
Dec 01 09:07:09.073 INFO [stderr]     |
Dec 01 09:07:09.073 INFO [stderr] 148 |                 Some((White, Pawn)),
Dec 01 09:07:09.073 INFO [stderr]     |                              ^^^^ not found in this scope
Dec 01 09:07:09.073 INFO [stderr] help: possible candidate is found in another module, you can import it into scope
Dec 01 09:07:09.073 INFO [stderr]     |
Dec 01 09:07:09.073 INFO [stderr] 112 |     use piece::Piece::Pawn;
Dec 01 09:07:09.073 INFO [stderr]     |
Dec 01 09:07:09.073 INFO [stderr] 
Dec 01 09:07:09.073 INFO [stderr] error[E0425]: cannot find value `King` in this scope
Dec 01 09:07:09.073 INFO [stderr]    --> src/state.rs:149:30
Dec 01 09:07:09.073 INFO [stderr]     |
Dec 01 09:07:09.073 INFO [stderr] 149 |                 Some((White, King)),
Dec 01 09:07:09.073 INFO [stderr]     |                              ^^^^ not found in this scope
Dec 01 09:07:09.073 INFO [stderr] help: possible candidate is found in another module, you can import it into scope
Dec 01 09:07:09.073 INFO [stderr]     |
Dec 01 09:07:09.073 INFO [stderr] 112 |     use piece::Piece::King;
Dec 01 09:07:09.073 INFO [stderr]     |
Dec 01 09:07:09.073 INFO [stderr] 
Dec 01 09:07:09.073 INFO [stderr] error[E0425]: cannot find value `Pawn` in this scope
Dec 01 09:07:09.073 INFO [stderr]    --> src/state.rs:150:30
Dec 01 09:07:09.073 INFO [stderr]     |
Dec 01 09:07:09.073 INFO [stderr] 150 |                 Some((White, Pawn)),
Dec 01 09:07:09.073 INFO [stderr]     |                              ^^^^ not found in this scope
Dec 01 09:07:09.073 INFO [stderr] help: possible candidate is found in another module, you can import it into scope
Dec 01 09:07:09.073 INFO [stderr]     |
Dec 01 09:07:09.073 INFO [stderr] 112 |     use piece::Piece::Pawn;
Dec 01 09:07:09.073 INFO [stderr]     |
Dec 01 09:07:09.073 INFO [stderr] 
Dec 01 09:07:09.073 INFO [stderr] error[E0425]: cannot find value `Pawn` in this scope
Dec 01 09:07:09.074 INFO [stderr]    --> src/state.rs:154:30
Dec 01 09:07:09.074 INFO [stderr]     |
Dec 01 09:07:09.074 INFO [stderr] 154 |                 Some((Black, Pawn)),
Dec 01 09:07:09.074 INFO [stderr]     |                              ^^^^ not found in this scope
Dec 01 09:07:09.074 INFO [stderr] help: possible candidate is found in another module, you can import it into scope
Dec 01 09:07:09.074 INFO [stderr]     |
Dec 01 09:07:09.074 INFO [stderr] 112 |     use piece::Piece::Pawn;
Dec 01 09:07:09.074 INFO [stderr]     |
Dec 01 09:07:09.074 INFO [stderr] 
Dec 01 09:07:09.074 INFO [stderr] error[E0425]: cannot find value `King` in this scope
Dec 01 09:07:09.074 INFO [stderr]    --> src/state.rs:155:30
Dec 01 09:07:09.074 INFO [stderr]     |
Dec 01 09:07:09.074 INFO [stderr] 155 |                 Some((Black, King)),
Dec 01 09:07:09.074 INFO [stderr]     |                              ^^^^ not found in this scope
Dec 01 09:07:09.074 INFO [stderr] help: possible candidate is found in another module, you can import it into scope
Dec 01 09:07:09.074 INFO [stderr]     |
Dec 01 09:07:09.074 INFO [stderr] 112 |     use piece::Piece::King;
Dec 01 09:07:09.074 INFO [stderr]     |
Dec 01 09:07:09.074 INFO [stderr] 
Dec 01 09:07:09.074 INFO [stderr] error[E0425]: cannot find value `Pawn` in this scope
Dec 01 09:07:09.074 INFO [stderr]    --> src/state.rs:156:30
Dec 01 09:07:09.074 INFO [stderr]     |
Dec 01 09:07:09.074 INFO [stderr] 156 |                 Some((Black, Pawn)),
Dec 01 09:07:09.074 INFO [stderr]     |                              ^^^^ not found in this scope
Dec 01 09:07:09.074 INFO [stderr] help: possible candidate is found in another module, you can import it into scope
Dec 01 09:07:09.074 INFO [stderr]     |
Dec 01 09:07:09.074 INFO [stderr] 112 |     use piece::Piece::Pawn;
Dec 01 09:07:09.074 INFO [stderr]     |
Dec 01 09:07:09.074 INFO [stderr] 
Dec 01 09:07:09.076 INFO [stderr] error[E0425]: cannot find value `Pawn` in this scope
Dec 01 09:07:09.076 INFO [stderr]    --> src/state.rs:170:30
Dec 01 09:07:09.076 INFO [stderr]     |
Dec 01 09:07:09.076 INFO [stderr] 170 |                 Some((White, Pawn)),
Dec 01 09:07:09.076 INFO [stderr]     |                              ^^^^ not found in this scope
Dec 01 09:07:09.076 INFO [stderr] help: possible candidate is found in another module, you can import it into scope
Dec 01 09:07:09.076 INFO [stderr]     |
Dec 01 09:07:09.076 INFO [stderr] 112 |     use piece::Piece::Pawn;
Dec 01 09:07:09.076 INFO [stderr]     |
Dec 01 09:07:09.076 INFO [stderr] 
Dec 01 09:07:09.076 INFO [stderr] error[E0425]: cannot find value `King` in this scope
Dec 01 09:07:09.076 INFO [stderr]    --> src/state.rs:171:30
Dec 01 09:07:09.076 INFO [stderr]     |
Dec 01 09:07:09.076 INFO [stderr] 171 |                 Some((White, King)),
Dec 01 09:07:09.076 INFO [stderr]     |                              ^^^^ not found in this scope
Dec 01 09:07:09.076 INFO [stderr] help: possible candidate is found in another module, you can import it into scope
Dec 01 09:07:09.076 INFO [stderr]     |
Dec 01 09:07:09.076 INFO [stderr] 112 |     use piece::Piece::King;
Dec 01 09:07:09.076 INFO [stderr]     |
Dec 01 09:07:09.076 INFO [stderr] 
Dec 01 09:07:09.076 INFO [stderr] error[E0425]: cannot find value `Pawn` in this scope
Dec 01 09:07:09.076 INFO [stderr]    --> src/state.rs:172:30
Dec 01 09:07:09.076 INFO [stderr]     |
Dec 01 09:07:09.076 INFO [stderr] 172 |                 Some((White, Pawn)),
Dec 01 09:07:09.076 INFO [stderr]     |                              ^^^^ not found in this scope
Dec 01 09:07:09.076 INFO [stderr] help: possible candidate is found in another module, you can import it into scope
Dec 01 09:07:09.076 INFO [stderr]     |
Dec 01 09:07:09.076 INFO [stderr] 112 |     use piece::Piece::Pawn;
Dec 01 09:07:09.076 INFO [stderr]     |
Dec 01 09:07:09.076 INFO [stderr] 
Dec 01 09:07:09.076 INFO [stderr] error[E0425]: cannot find value `Pawn` in this scope
Dec 01 09:07:09.076 INFO [stderr]    --> src/state.rs:174:42
Dec 01 09:07:09.076 INFO [stderr]     |
Dec 01 09:07:09.076 INFO [stderr] 174 |             RowVector3::new(Some((Black, Pawn)), None, None),
Dec 01 09:07:09.076 INFO [stderr]     |                                          ^^^^ not found in this scope
Dec 01 09:07:09.076 INFO [stderr] help: possible candidate is found in another module, you can import it into scope
Dec 01 09:07:09.076 INFO [stderr]     |
Dec 01 09:07:09.076 INFO [stderr] 112 |     use piece::Piece::Pawn;
Dec 01 09:07:09.076 INFO [stderr]     |
Dec 01 09:07:09.076 INFO [stderr] 
Dec 01 09:07:09.076 INFO [stderr] error[E0425]: cannot find value `King` in this scope
Dec 01 09:07:09.076 INFO [stderr]    --> src/state.rs:175:48
Dec 01 09:07:09.076 INFO [stderr]     |
Dec 01 09:07:09.076 INFO [stderr] 175 |             RowVector3::new(None, Some((Black, King)), Some((Black, Pawn))),
Dec 01 09:07:09.077 INFO [stderr]     |                                                ^^^^ not found in this scope
Dec 01 09:07:09.077 INFO [stderr] help: possible candidate is found in another module, you can import it into scope
Dec 01 09:07:09.077 INFO [stderr]     |
Dec 01 09:07:09.077 INFO [stderr] 112 |     use piece::Piece::King;
Dec 01 09:07:09.077 INFO [stderr]     |
Dec 01 09:07:09.077 INFO [stderr] 
Dec 01 09:07:09.077 INFO [stderr] error[E0425]: cannot find value `Pawn` in this scope
Dec 01 09:07:09.077 INFO [stderr]    --> src/state.rs:175:69
Dec 01 09:07:09.077 INFO [stderr]     |
Dec 01 09:07:09.077 INFO [stderr] 175 |             RowVector3::new(None, Some((Black, King)), Some((Black, Pawn))),
Dec 01 09:07:09.077 INFO [stderr]     |                                                                     ^^^^ not found in this scope
Dec 01 09:07:09.077 INFO [stderr] help: possible candidate is found in another module, you can import it into scope
Dec 01 09:07:09.077 INFO [stderr]     |
Dec 01 09:07:09.077 INFO [stderr] 112 |     use piece::Piece::Pawn;
Dec 01 09:07:09.077 INFO [stderr]     |
Dec 01 09:07:09.077 INFO [stderr] 
Dec 01 09:07:09.077 INFO [stderr] error[E0425]: cannot find value `King` in this scope
Dec 01 09:07:09.077 INFO [stderr]    --> src/state.rs:187:48
Dec 01 09:07:09.077 INFO [stderr]     |
Dec 01 09:07:09.077 INFO [stderr] 187 |             RowVector3::new(None, Some((White, King)), Some((White, Pawn))),
Dec 01 09:07:09.077 INFO [stderr]     |                                                ^^^^ not found in this scope
Dec 01 09:07:09.077 INFO [stderr] help: possible candidate is found in another module, you can import it into scope
Dec 01 09:07:09.077 INFO [stderr]     |
Dec 01 09:07:09.077 INFO [stderr] 112 |     use piece::Piece::King;
Dec 01 09:07:09.077 INFO [stderr]     |
Dec 01 09:07:09.077 INFO [stderr] 
Dec 01 09:07:09.077 INFO [stderr] error[E0425]: cannot find value `Pawn` in this scope
Dec 01 09:07:09.077 INFO [stderr]    --> src/state.rs:187:69
Dec 01 09:07:09.077 INFO [stderr]     |
Dec 01 09:07:09.077 INFO [stderr] 187 |             RowVector3::new(None, Some((White, King)), Some((White, Pawn))),
Dec 01 09:07:09.077 INFO [stderr]     |                                                                     ^^^^ not found in this scope
Dec 01 09:07:09.077 INFO [stderr] help: possible candidate is found in another module, you can import it into scope
Dec 01 09:07:09.077 INFO [stderr]     |
Dec 01 09:07:09.077 INFO [stderr] 112 |     use piece::Piece::Pawn;
Dec 01 09:07:09.077 INFO [stderr]     |
Dec 01 09:07:09.077 INFO [stderr] 
Dec 01 09:07:09.077 INFO [stderr] error[E0425]: cannot find value `Pawn` in this scope
Dec 01 09:07:09.077 INFO [stderr]    --> src/state.rs:188:42
Dec 01 09:07:09.077 INFO [stderr]     |
Dec 01 09:07:09.077 INFO [stderr] 188 |             RowVector3::new(Some((White, Pawn)), None, Some((Black, Pawn))),
Dec 01 09:07:09.077 INFO [stderr]     |                                          ^^^^ not found in this scope
Dec 01 09:07:09.077 INFO [stderr] help: possible candidate is found in another module, you can import it into scope
Dec 01 09:07:09.077 INFO [stderr]     |
Dec 01 09:07:09.077 INFO [stderr] 112 |     use piece::Piece::Pawn;
Dec 01 09:07:09.077 INFO [stderr]     |
Dec 01 09:07:09.077 INFO [stderr] 
Dec 01 09:07:09.077 INFO [stderr] error[E0425]: cannot find value `Pawn` in this scope
Dec 01 09:07:09.077 INFO [stderr]    --> src/state.rs:188:69
Dec 01 09:07:09.077 INFO [stderr]     |
Dec 01 09:07:09.077 INFO [stderr] 188 |             RowVector3::new(Some((White, Pawn)), None, Some((Black, Pawn))),
Dec 01 09:07:09.077 INFO [stderr]     |                                                                     ^^^^ not found in this scope
Dec 01 09:07:09.077 INFO [stderr] help: possible candidate is found in another module, you can import it into scope
Dec 01 09:07:09.077 INFO [stderr]     |
Dec 01 09:07:09.077 INFO [stderr] 112 |     use piece::Piece::Pawn;
Dec 01 09:07:09.077 INFO [stderr]     |
Dec 01 09:07:09.077 INFO [stderr] 
Dec 01 09:07:09.077 INFO [stderr] error[E0425]: cannot find value `Pawn` in this scope
Dec 01 09:07:09.077 INFO [stderr]    --> src/state.rs:189:42
Dec 01 09:07:09.077 INFO [stderr]     |
Dec 01 09:07:09.077 INFO [stderr] 189 |             RowVector3::new(Some((Black, Pawn)), Some((Black, King)), None),
Dec 01 09:07:09.077 INFO [stderr]     |                                          ^^^^ not found in this scope
Dec 01 09:07:09.077 INFO [stderr] help: possible candidate is found in another module, you can import it into scope
Dec 01 09:07:09.077 INFO [stderr]     |
Dec 01 09:07:09.077 INFO [stderr] 112 |     use piece::Piece::Pawn;
Dec 01 09:07:09.077 INFO [stderr]     |
Dec 01 09:07:09.077 INFO [stderr] 
Dec 01 09:07:09.077 INFO [stderr] error[E0425]: cannot find value `King` in this scope
Dec 01 09:07:09.077 INFO [stderr]    --> src/state.rs:189:63
Dec 01 09:07:09.077 INFO [stderr]     |
Dec 01 09:07:09.077 INFO [stderr] 189 |             RowVector3::new(Some((Black, Pawn)), Some((Black, King)), None),
Dec 01 09:07:09.077 INFO [stderr]     |                                                               ^^^^ not found in this scope
Dec 01 09:07:09.077 INFO [stderr] help: possible candidate is found in another module, you can import it into scope
Dec 01 09:07:09.077 INFO [stderr]     |
Dec 01 09:07:09.077 INFO [stderr] 112 |     use piece::Piece::King;
Dec 01 09:07:09.077 INFO [stderr]     |
Dec 01 09:07:09.077 INFO [stderr] 
Dec 01 09:07:09.298 INFO [stderr] error: aborting due to 20 previous errors
Dec 01 09:07:09.299 INFO [stderr] 
Dec 01 09:07:09.299 INFO [stderr] For more information about this error, try `rustc --explain E0425`.
Dec 01 09:07:09.304 INFO [stderr] error: Could not compile `chess`.
Dec 01 09:07:09.304 INFO [stderr] warning: build failed, waiting for other jobs to finish...
Dec 01 09:07:09.385 INFO [stderr] error: build failed
Dec 01 09:07:09.387 INFO [stderr] su: No module specific data is present
Dec 01 09:07:09.895 INFO running `"docker" "inspect" "8c76cc1c963768526c4c75333baf836be482eca33534eddf646fe749bb206c01"`
Dec 01 09:07:10.089 INFO running `"docker" "rm" "-f" "8c76cc1c963768526c4c75333baf836be482eca33534eddf646fe749bb206c01"`
Dec 01 09:07:10.438 INFO [stdout] 8c76cc1c963768526c4c75333baf836be482eca33534eddf646fe749bb206c01
